09 composite?
False
Is 2097461 composite?
False
Is 205178087 a prime number?
True
Is 20022943 a composite number?
False
Is 26560771 prime?
True
Is 5628359 prime?
False
Is 354924551 prime?
False
Is 76601373 prime?
False
Is 26519317 a prime number?
False
Is 5130103 a composite number?
True
Is 3353127 a composite number?
True
Is 217742281 composite?
True
Is 40279451 a prime number?
False
Is 13372757 prime?
False
Is 261402161 a composite number?
True
Is 9113189 a composite number?
False
Is 10144333 composite?
False
Is 11225299 a composite number?
True
Is 2646353 a prime number?
True
Is 83732009 composite?
False
Is 6275461 a composite number?
True
Is 67425721 a composite number?
True
Is 377449 prime?
False
Is 18190259 a composite number?
False
Is 10744951 prime?
False
Is 46612229 composite?
False
Is 6171293 composite?
False
Is 16803417 a prime number?
False
Is 5384969 a prime number?
True
Is 16863967 a prime number?
False
Is 1417441 a prime number?
False
Is 9452971 a prime number?
False
Is 80661439 a composite number?
False
Is 40822843 a composite number?
False
Is 284603183 a prime number?
False
Is 2577703 composite?
True
Is 396023 prime?
False
Is 6555329 prime?
False
Is 10213361 a prime number?
True
Is 1761143 a prime number?
False
Is 170173 a composite number?
True
Is 102722299 a composite number?
True
Is 3113674 a composite number?
True
Is 25577051 prime?
True
Is 16368677 prime?
False
Is 39400586 a composite number?
True
Is 1530779 a prime number?
True
Is 2086321 composite?
False
Is 1256114 a composite number?
True
Is 207721411 prime?
True
Is 5072343 prime?
False
Is 2174597 prime?
False
Is 58706693 a prime number?
True
Is 37606831 prime?
True
Is 12203297 a prime number?
False
Is 56519537 a composite number?
False
Is 60292241 prime?
False
Is 15618883 a prime number?
False
Is 796633 a prime number?
True
Is 1207633 a composite number?
True
Is 2973371 a composite number?
True
Is 117264967 a prime number?
True
Is 7827493 a prime number?
True
Is 1789391 a prime number?
True
Is 2173481 a composite number?
True
Is 245417717 a prime number?
False
Is 506683 prime?
True
Is 51112367 prime?
True
Is 17174933 a prime number?
True
Is 432098587 prime?
False
Is 4503583 a prime number?
False
Is 50023019 prime?
True
Is 222786209 a prime number?
False
Is 101536719 a prime number?
False
Is 25020097 prime?
True
Is 727831 prime?
False
Is 80991769 a prime number?
False
Is 22930813 composite?
False
Is 21181709 a composite number?
True
Is 1303543 prime?
False
Is 43647931 a prime number?
True
Is 173536235 prime?
False
Is 76405871 prime?
False
Is 18802447 prime?
True
Is 1504231 composite?
False
Is 49847423 prime?
True
Is 61165309 composite?
False
Is 14144129 prime?
False
Is 557575457 a prime number?
True
Is 1870709 composite?
False
Is 4092407 a composite number?
True
Is 34874603 prime?
True
Is 781553 a prime number?
False
Is 28903211 a prime number?
True
Is 19605197 a composite number?
False
Is 9078961 prime?
True
Is 18207407 a composite number?
False
Is 10232687 a prime number?
False
Is 51403637 a composite number?
True
Is 11259253 a prime number?
False
Is 16035853 a composite number?
True
Is 5762941 a composite number?
False
Is 76392211 prime?
False
Is 2027609 composite?
False
Is 13077931 a composite number?
True
Is 84406277 a prime number?
True
Is 30139631 a prime number?
True
Is 101440811 prime?
False
Is 127141387 a prime number?
True
Is 1250399 a composite number?
True
Is 7058521 a composite number?
False
Is 13362361 a prime number?
True
Is 1214267 prime?
False
Is 12349039 prime?
True
Is 100557217 composite?
False
Is 43057627 composite?
False
Is 10942469 a prime number?
True
Is 1154509 a prime number?
True
Is 6485695 a prime number?
False
Is 2790251 a composite number?
False
Is 33914519 a prime number?
False
Is 379759613 a prime number?
True
Is 45403257 a prime number?
False
Is 3273451 a composite number?
True
Is 2044321 composite?
False
Is 555416153 a composite number?
True
Is 1309787917 composite?
True
Is 28857287 composite?
False
Is 5432311 composite?
False
Is 14890741 prime?
False
Is 144306185 a prime number?
False
Is 36540787 prime?
True
Is 150318359 composite?
True
Is 2875129 a composite number?
True
Is 175554037 a composite number?
True
Is 2624639 a composite number?
False
Is 1541051 a composite number?
False
Is 37700857 a composite number?
False
Is 638923 a prime number?
True
Is 7505962 a prime number?
False
Is 198709571 a composite number?
False
Is 185332907 composite?
False
Is 68371 a prime number?
True
Is 277901 composite?
True
Is 136864111 a prime number?
False
Is 16424341 composite?
True
Is 1184317 prime?
True
Is 62590145 a prime number?
False
Is 18488761 composite?
False
Is 70032161 a prime number?
True
Is 348679 a composite number?
True
Is 131695537 a prime number?
True
Is 14665103 a composite number?
False
Is 192473 composite?
True
Is 7924711 a composite number?
False
Is 89934329 prime?
True
Is 350869 composite?
False
Is 40662931 a composite number?
False
Is 172824409 prime?
True
Is 1979983 composite?
True
Is 7041367 a composite number?
False
Is 2260061 a prime number?
True
Is 141057233 a prime number?
True
Is 12785467 prime?
False
Is 15188039 composite?
False
Is 6008435 composite?
True
Is 6042617 prime?
False
Is 59967643 prime?
False
Is 18310843 composite?
True
Is 192155 composite?
True
Is 43382483 prime?
True
Is 17134007 a prime number?
False
Is 1035829 prime?
True
Is 46865957 composite?
True
Is 1724617 composite?
False
Is 3629389 composite?
False
Is 5075659 composite?
False
Is 310693 prime?
True
Is 33141359 a prime number?
True
Is 1856219 a prime number?
False
Is 7541837 prime?
False
Is 106506691 prime?
True
Is 184374683 composite?
True
Is 449511301 a prime number?
True
Is 31028761 a prime number?
False
Is 379177199 a composite number?
False
Is 30029 prime?
True
Is 10694137 a prime number?
False
Is 1277747 composite?
True
Is 15614839 a prime number?
True
Is 100279097 composite?
False
Is 32703423 a prime number?
False
Is 117679 a prime number?
True
Is 256476893 a composite number?
False
Is 2341033 composite?
False
Is 5608597 prime?
True
Is 95273511 a prime number?
False
Is 456143 a composite number?
True
Is 7710719 composite?
False
Is 476341 composite?
True
Is 15585859 a prime number?
False
Is 111808871 prime?
False
Is 182881013 a composite number?
True
Is 117768457 composite?
False
Is 6685201 prime?
True
Is 1133459 composite?
False
Is 48237879 a composite number?
True
Is 2941177 a prime number?
False
Is 1508447 a composite number?
True
Is 9630857 a prime number?
False
Is 2840986 a composite number?
True
Is 30309497 prime?
False
Is 149894341 prime?
True
Is 6555077 prime?
False
Is 85201873 a composite number?
False
Is 10554437 a prime number?
True
Is 7622053 a prime number?
True
Is 5503627 prime?
False
Is 600028789 a composite number?
False
Is 11326079 composite?
False
Is 6492809 composite?
False
Is 13578767 a prime number?
False
Is 70590409 a composite number?
True
Is 153885497 composite?
False
Is 62323 a prime number?
True
Is 48645617 composite?
True
Is 8241955 prime?
False
Is 675383 a composite number?
True
Is 4428187 prime?
False
Is 55546433 composite?
True
Is 3831889 prime?
True
Is 516149 a composite number?
True
Is 59844637 a composite number?
True
Is 1817471 composite?
False
Is 16448527 a prime number?
False
Is 2847503 a composite number?
True
Is 7659467 prime?
True
Is 222560059 prime?
True
Is 2846861 composite?
False
Is 140867221 prime?
False
Is 491446141 a prime number?
False
Is 434909843 a prime number?
True
Is 275706577 a prime number?
True
Is 68133937 prime?
True
Is 205967 prime?
True
Is 12928511 composite?
False
Is 31470293 a composite number?
False
Is 1099507567 a composite number?
False
Is 2177171 composite?
True
Is 926027 a composite number?
False
Is 366083 a prime number?
False
Is 124914019 a composite number?
False
Is 590639 prime?
False
Is 85142767 a composite number?
False
Is 5964443 prime?
True
Is 4168057 a composite number?
False
Is 134261321 prime?
False
Is 15548363 a prime number?
True
Is 120687883 a composite number?
False
Is 34380977 a prime number?
True
Is 4338083 prime?
True
Is 47852111 a composite number?
True
Is 71892701 prime?
True
Is 117053213 prime?
True
Is 4978459 prime?
False
Is 3719059 prime?
True
Is 1044343 pri